the units digit of c?
2
Suppose 5*d = -x - 472, -2*d - 900 - 451 = 3*x. Suppose -20 = o + 4*b, 3*b = 4*o - 9*o - 32. What is the tens digit of x/(-12) + 1/o?
3
Let p(o) = -o**3 + 8*o**2 - 6*o - 2. Let k be 0/(2 - (-24)/(-4)). Suppose -5*h = -k*h - 35. What is the units digit of p(h)?
5
Let a(f) be the third derivative of -f**4/24 - 23*f**3/6 - 5*f**2. Let w be a(-20). What is the tens digit of 1/w - (-604)/12?
5
Let n(s) = -s**3 + 6*s**2 + 3*s + 7. Let l be n(5). Let y = l + -26. Suppose y + 39 = f + 5*c, 2*f = 3*c + 94. What is the units digit of f?
0
Suppose -94 = -59*u + 57*u. Suppose 42*b - u*b + 1270 = 0. What is the hundreds digit of b?
2
Let j(f) = 17*f**2 - 2*f - 2. What is the units digit of j(2)?
2
Suppose 9*x - 32 = 4. Suppose j - 102 = x*m, -4*j - 3*m + 348 = -7*m. What is the units digit of j?
2
Suppose 251 = 9*k - 226. What is the units digit of k?
3
Suppose 0 = 31*g - 12*g - 41952. What is the tens digit of g?
0
Let j(q) = 825*q - 37. What is the hundreds digit of j(6)?
9
Suppose -11*s = -6*s - 20. Suppose 3*j - 1393 = -s*j. What is the hundreds digit of j?
1
What is the units digit of 3 + (-7270)/(-8) - 2/(-8)?
2
Let q be (-8)/10*(-300)/24. What is the units digit of (q/(-4))/(2/(-48))?
0
Suppose -178 = 6*l + 32. Suppose -5*q + 9*q - 176 = 0. Let w = q + l. What is the units digit of w?
9
Let x(z) = -2*z. Let r = -23 - -21. Let n be x(r). Suppose -2*c + 36 + 45 = -5*j, n*c - 123 = -3*j. What is the tens digit of c?
3
Let q = -16 - -424. Let i = -194 + q. What is the units digit of i?
4
Let m(f) = f**3 + 11*f**2 - 14*f - 8. Let c be m(-12). Suppose -3 = -19*p + c*p. What is the units digit of p*-44*(-4)/8?
2
Let s = -73 - -103. Let g = 52 - s. What is the units digit of g?
2
What is the hundreds digit of (57/(-4))/((-566)/280 - -2)?
6
Let t = -14 + 62. Suppose -4*z = -t + 12. What is the units digit of z?
9
Suppose -a = 4*a - 60. Let f(k) = 12*k - 14. Let j be f(a). Let l = -52 + j. What is the units digit of l?
8
Suppose -2*z - 102 = -662. What is the tens digit of z?
8
Let u(p) = -p - 8. Let f be u(-6). Let r = 4 + f. Suppose -r*i - 5*t = -57, 2*t + 19 = i - 5. What is the tens digit of i?
2
Let q(h) = 18*h + 313. What is the tens digit of q(-16)?
2
Let h = 8467 - 5570. What is the thousands digit of h?
2
Suppose r + 0 = 2, 3*r = -3*i + 21. Let a(z) be the first derivative of z**3/3 - 3*z**2/2 + 7*z + 1. What is the units digit of a(i)?
7
What is the tens digit of (-1 + 0 + -1)*(-278712)/112?
7
Let h be 8/4 - 1 - (-342)/2. Suppose 8*a = h + 76. What is the units digit of a?
1
Let x = -18 - -18. Let t be x/((-6)/((-6)/(-2))). What is the units digit of t - ((-41)/1 + 3)?
8
Let t(k) = k**2 + k - 2. Let p be t(-2). Suppose -16 = 5*q - 41. Suppose g + 5*d + 8 = 0, p = -0*g + 5*g + q*d - 60. What is the units digit of g?
7
Suppose -734 = -2*h + 29*f - 33*f, 4*f = 0. What is the tens digit of h?
6
Let d = -12 - -11. Let v be (-2 - -48 - d) + -1. Suppose 0 = -2*x + 8, -2*h + 0*h + v = 5*x. What is the units digit of h?
3
Suppose 59*p = 64*p - 1950. What is the units digit of p?
0
Suppose -116*d + 127*d - 31020 = 0. What is the hundreds digit of d?
8
Let c(b) = b**2 + 2. Let l be c(0). Let g = l - 5. What is the units digit of (-1)/g - (-71)/3?
4
Suppose 0*j + 27 = 3*j + 3*b, 0 = 3*j - 2*b - 17. Let t(y) = 3*y + 1. Let q be t(1). Suppose -q*h = -j*h + 75. What is the units digit of h?
5
Let g(v) = 4*v**2 + 4*v - 3. Let k be g(1). Let y(r) = 7*r**2 - 2*r - 5. What is the units digit of y(k)?
0
Let z(j) = -65*j. What is the tens digit of z(-6)?
9
Suppose 5*m + 5*f - 34 = 6*f, -4*m = -5*f - 23. Let t(n) be the second derivative of 5*n**3/6 + n**2/2 - n. What is the units digit of t(m)?
6
Let h(o) = 6*o**2 - 30*o + 44. What is the hundreds digit of h(13)?
6
Suppose 3*x - 5 = 2*x. Suppose 29 = 5*y + 2*v - x, -y - 4 = -5*v. Let c = 25 - y. What is the tens digit of c?
1
Let g be -41 + ((-6)/2 - -2). What is the tens digit of -3 + (712/(-6))/(g/63)?
7
Suppose 2*d + 2*y + 12 = 4, -4*d - 5*y = 20. Suppose 5*m - 18 + 3 = d. What is the units digit of m?
3
Suppose 5*n - 3*j - 2*j = 20, 2*n - 12 = -2*j. Suppose 5*f - h = 89, -n*f + 105 = 3*h - 8*h. Let v = 18 + f. What is the tens digit of v?
3
Let r(h) = -8*h + 8. Let x(p) = p - 1. Let g(s) = r(s) + 4*x(s). Let w be g(-4). Suppose -d - 2 + w = 0. What is the units digit of d?
8
Suppose 40*g - 18*g - 34430 = 0. What is the units digit of g?
5
Suppose -2*c = 2*m - 6436, 25*c - 28*c = -3*m - 9684. What is the thousands digit of c?
3
Let x be (2 - 1 - -143) + -2. Let h be 1/3 + (-544)/(-6). Let k = x - h. What is the units digit of k?
1
Suppose 54 = -2*y + 58, -y = -2*s + 4888. What is the hundreds digit of s?
4
Let r(f) = 3*f**3 - f**2 + 6. Let k be r(-4). Let w = k + 309. What is the hundreds digit of w?
1
Suppose -10*u + 6*u + 11 = -y, -5*u = -2*y - 16. What is the units digit of 232 + -5 + (-2)/u?
6
What is the tens digit of ((-665)/(-2))/(55/110)?
6
Suppose -2*p = -3*q - 12, 4*p + 6 = 3*q + 18. Suppose 3*b = -1 + 16, p = -2*r - 3*b + 613. What is the units digit of r?
9
What is the units digit of 2668/15 + -2 + 8/60?
6
Let g(q) = q + 8. Let s be g(-5). Suppose s = -7*n + 24. What is the units digit of 1 + n/(-6)*-18?
0
Suppose f = -f. Let b(m) = -2*m - m + f*m. What is the units digit of b(-9)?
7
Let o = -48 + 49. What is the tens digit of 27/(15/5) + o?
1
Let c = -53 - -283. What is the tens digit of c?
3
Let p be (-4 + 7)/((-6)/20). What is the units digit of 4/p - 204/(-60)?
3
Let g = 7536 + -4517. What is the units digit of g?
9
Suppose 12824 = -33*r + 61*r. What is the tens digit of r?
5
Let h(d) = -33*d + 4 + 11 - 55*d + 3*d. What is the tens digit of h(-3)?
7
Suppose 0 = -v + l + 1 + 17, 5*v + 4*l = 45. Suppose v*z + 9 = 16*z. Suppose z*y - 89 = -d - 3*d, -4*y + 3*d = -102. What is the tens digit of y?
2
Let v(n) = 2*n**2 + 7*n + 4. Let q be v(-3). Suppose -2*s + q - 3 = 0. Let b(t) = -30*t. What is the units digit of b(s)?
0
Let a be 22/(-77) - (180/(-21))/2. Suppose a*c = -3*c + 1015. What is the hundreds digit of c?
1
Let n = 23 + -13. Suppose 6*a = 115 - 31. Let c = a - n. What is the units digit of c?
4
Let n(f) = f**2 - 6*f - 7. Let u be n(7). Suppose u = -d - 5*d + 774. What is the units digit of d?
9
Let w(l) = -l**2 + 13*l - 17. Let r be w(8). Let q = r - 34. What is the units digit of -1 - (-1 + q + 0)?
1
Suppose -4 = -j - f - 3, 5*j - 2 = -2*f. Suppose j = 3*l - 468 - 60. Suppose l = 5*q - 19. What is the units digit of q?
9
Let k(h) = h**2 + 10*h - 8. Let z be k(-11). Suppose z*g = -3*g + 210. What is the tens digit of g?
3
Let a be (-14)/(-8) - (-2)/8. Suppose -8 = -a*w, -2*w + 0*w = -z - 9. What is the units digit of (-1)/z*33 + -3?
0
Let u(r) = -r**3 - 4*r**2 + r - 1. Let b be u(-4). Let z(a) = -8*a. Let n(l) = l - 1. Let f(j) = 3*n(j) + z(j). What is the tens digit of f(b)?
2
Suppose 12*s + 63 + 33 = 0. Let r(i) = -i**2 - 14*i + 2. What is the tens digit of r(s)?
5
What is the units digit of (0 - 3)*2675/(-75)?
7
Let f = -1390 - -2366. What is the units digit of f?
6
Let l(k) = 5*k**3 - 5*k**2 - 4*k + 9. What is the tens digit of l(4)?
3
Suppose 4*w + 5 = 9*w. Let a be 9*w/(0 - -3). Suppose -a + 33 = o. What is the units digit of o?
0
Suppose z = 3 - 1. Suppose 0 = -z*y - 2 + 88. What is the units digit of y?
3
Suppose -3*b + 4*q = -18, -q + 6*q + 13 = -b. Suppose 2*w - b = 4. Suppose 5 = -h, -2*c + w*h = -0*h - 77. What is the tens digit of c?
3
Suppose -3*u - 132 = -5*u. Let v = 123 - u. What is the tens digit of v?
5
Let i = 43 + -31. Suppose 5 + i = -x. Let k = x + 34. What is the units digit of k?
7
Suppose 33 + 37 = -7*b. Let t = b - -10. Let d(v) = -v**2 - v + 16. What is the units digit of d(t)?
6
Suppose 4*c + 5*l = -94, 2*c + 5*l + 48 = 2*l. Let y = c - -23. Suppose -u - 48 = -y*u. What is the tens digit of u?
4
What is the tens digit of (6/10)/(39/7995)?
2
Suppose 8770 = -908*q + 913*q. What is the thousands digit of q?
1
Suppose 0 = d - 4*c + 132, 0 = -0*d + 3*d - 2*c + 406. Let i be ((-6)/(-4))/(6/d). What is the units digit of (-3)/(-15) + i/(-5)?
7
Let r(y) be the first derivative of -5*y**2/2 + 10*y + 2. Let o be r(-10). Suppose o = 2*h + 2*h - 4*m, 84 = 5*h + 4*m. What is the units digit of h?
6
Let s = -315 - -310. Let g(k) be the third derivative o